e z(20).
30
Let l(g) = g**2 - 21*g + 43. What is l(17)?
-25
Let y(p) = -8*p**2 + 2. Give y(-1).
-6
Let t(j) = -j**3 + 3*j**2 - 2*j + 3. Calculate t(1).
3
Let c(k) = k + 26. Calculate c(-3).
23
Let s(q) = -4*q - 136. What is s(-37)?
12
Let c(b) = -7*b**2 - 38*b - 2. Calculate c(-6).
-26
Let m(d) = 3*d + 6. Calculate m(-5).
-9
Let f(s) = 2*s**3 - s**2 - 3*s + 2. Determine f(3).
38
Let v(a) = a**3 + 11*a**2 - 16*a - 20. Give v(-12).
28
Let n(j) = -4*j**2 + 3*j + 2. Calculate n(-1).
-5
Let m(k) = -k - 3. Determine m(-2).
-1
Let t(y) = y**2 + 27*y + 1. What is t(-27)?
1
Let g(t) = t**3 - 10*t**2 + 9*t. Calculate g(10).
90
Let y(j) = -2*j**2 + 10*j - 6. What is y(6)?
-18
Let i(x) = x**2 - 12*x + 9. Give i(8).
-23
Let p(v) = v**3 + 8*v**2. Determine p(-8).
0
Let n(q) = -q**2 + 5*q. Determine n(6).
-6
Let v(j) = -j**2 - 11*j + 47. Calculate v(-14).
5
Let g(k) = 7*k + 72. Determine g(-17).
-47
Let y(m) = -m**3 - 4*m**2 - 3*m + 7. Calculate y(-4).
19
Let x(j) = -j**3 + 4*j**2 + 3*j + 8. Calculate x(5).
-2
Let i(y) = 12*y + 2. Determine i(3).
38
Let o(i) = 6*i + 35. What is o(-2)?
23
Let g(h) = h**2 + 35*h + 174. Give g(-29).
0
Let u(q) = -q**2 + 11*q + 5. Calculate u(13).
-21
Let w(x) = -11*x - 74. Determine w(-12).
58
Let y(h) = -h**3 + 9*h**2 - 12*h + 6. What is y(8)?
-26
Let j(p) = p**2 + 5*p - 6. What is j(-5)?
-6
Let v(a) = -21*a**2 + 2*a - 1. Calculate v(1).
-20
Let i(y) = y - 5. Determine i(-4).
-9
Let s(a) = 38*a**2 + a. Calculate s(-2).
150
Let p(b) = -7*b - 38. Determine p(-7).
11
Let w(x) = x**2 - x - 2. Determine w(0).
-2
Let s(f) = -2*f**2 + 5*f + 3. What is s(4)?
-9
Let j(t) = -9*t + 6. What is j(3)?
-21
Let r(v) = -14*v + 688. Give r(49).
2
Let n(a) = a**3 + 11*a**2 + 16*a - 14. What is n(-9)?
4
Let j(r) = -r - 1. Determine j(-11).
10
Let w(s) = -79*s + 3. What is w(0)?
3
Let r(w) = 9*w - 30. Give r(3).
-3
Let d(g) = g**2 - 21*g - 20. Determine d(27).
142
Let t(k) = -3*k + 77. Determine t(0).
77
Let n(o) = -o - 9. Give n(-15).
6
Let k(x) = -x + 2. What is k(5)?
-3
Let m(g) = 9*g**2 - 8*g - 8. Determine m(-1).
9
Let c(x) = x**3 + 6*x**2 + 2*x + 3. Calculate c(-6).
-9
Let m(s) = -s**3 - 2*s**2 + s + 1. Calculate m(-2).
-1
Let t(y) = 16*y**2 - y - 1. Give t(-1).
16
Let r(g) = -4*g + 35. Calculate r(7).
7
Let j(i) = -i**3 - 3*i**2 - 6*i - 13. What is j(-3)?
5
Let l(f) = 3*f**3 + f**2 + f - 1. Calculate l(1).
4
Let o(b) = -b + 29. What is o(14)?
15
Let l(b) = -b**2 - 17*b + 15. Give l(-19).
-23
Let g(v) = -25*v - 138. Give g(-7).
37
Let r(o) = 11*o**2 + 2*o - 2. What is r(2)?
46
Let z(n) = -n**3 - 2*n**2 + 5*n - 8. Give z(-4).
4
Let h(m) = m**2 - 11*m - 7. Calculate h(7).
-35
Let b(k) = -k + 2. What is b(-2)?
4
Let y(z) = -2*z**3 + 2*z**2 - 2*z + 2. Calculate y(2).
-10
Let o(k) = -k**3 - 2*k**2 - 5*k + 1. Calculate o(3).
-59
Let l(a) = -a**3 - 4*a**2 + 5*a + 4. Give l(-5).
4
Let s(r) = -2*r**2 + 11*r - 14. Determine s(6).
-20
Let b(t) = -15*t**3 + 2*t - 1. Calculate b(1).
-14
Let r(d) = d**3 + 68*d**2 + 257*d + 71. Give r(-64).
7
Let h(u) = u**3 - 16*u**2 - 17*u + 3. What is h(17)?
3
Let m(f) = 3*f**2 - f + 3. Give m(-3).
33
Let z(m) = m**2 - 22*m + 111. Calculate z(14).
-1
Let y(i) = -2*i**3 - 9*i**2 - 15. Calculate y(-5).
10
Let s(c) = -3*c**3 - 3*c**2 - 3*c + 2. Determine s(-3).
65
Let l(a) = a**3 + 8*a**2 - 11*a - 17. Calculate l(-9).
1
Let t(w) = 35*w - 48. Give t(2).
22
Let q(l) = l**3 + 12*l**2 + 26*l - 12. Determine q(-9).
-3
Let x(z) = -z**2 + 7*z - 4. Give x(4).
8
Let x(h) = 2*h + 83. What is x(-31)?
21
Let f(n) = -n**2 - n + 3. Determine f(-7).
-39
Let i(s) = 2*s**2 + 15. Calculate i(-6).
87
Let v(d) = 18*d**2 + 1. What is v(1)?
19
Let c(o) = -3*o**3 - 20*o**2 + 9*o + 8. Give c(-7).
-6
Let u(p) = -4*p**3 + p**2 - 4*p + 3. Give u(2).
-33
Let f(t) = t**3 - 5*t**2 + 5*t + 6. What is f(3)?
3
Let d(m) = m**2 - 34*m + 149. What is d(29)?
4
Let u(a) = -9*a - 38. Determine u(-5).
7
Let t(c) = c**2 - 12*c - 14. What is t(12)?
-14
Let f(o) = -o**2 - 5*o + 16. Determine f(-5).
16
Let u(b) = -b**3 - b - 3. Calculate u(-3).
27
Let a(c) = c**3 - 5*c**2 - 3*c - 4. Determine a(4).
-32
Let y(l) = l**2 - 10*l - 17. Calculate y(12).
7
Let k(f) = -f**3 + 9*f**2 + 6*f - 4. Calculate k(9).
50
Let v(t) = t**3 + 3*t**2 - 4. Determine v(2).
16
Let n(z) = 2*z**2 + 48*z + 151. Calculate n(-20).
-9
Let s(d) = 11*d + 86. Determine s(-8).
-2
Let p(z) = 143*z**3 + z**2 + 2*z + 2. What is p(-1)?
-142
Let s(t) = 3*t - 22. Give s(7).
-1
Let r(z) = z**3 + 12*z**2 + z - 7. Determine r(-12).
-19
Let z(n) = -4*n + 126. What is z(28)?
14
Let n(s) = s**3 + 14*s**2 - 16*s - 10. Determine n(-15).
5
Let g(c) = c**2 + 18*c - 39. Determine g(-20).
1
Let x(u) = 8*u**2 + 3*u - 4. Determine x(-3).
59
Let z(d) = 4*d. Calculate z(2).
8
Let k(a) = -a**3 - 4*a**2 + 7*a + 11. Determine k(-5).
1
Let m(f) = f**3 - 13*f**2 - f + 6. Give m(13).
-7
Let p(f) = f**2 - 27*f - 31. Give p(28).
-3
Let i(t) = -t**2 + 4*t + 99. Calculate i(-8).
3
Let o(s) = 2*s**2 - 2*s - 25. What is o(5)?
15
Let q(d) = -d**2 + 4*d + 5. Determine q(7).
-16
Let a(h) = h**2 - 8*h + 10. Calculate a(6).
-2
Let r(b) = -4*b - 10. Give r(-11).
34
Let v(c) = 3*c + 43. Calculate v(-15).
-2
Let b(l) = 3*l**2 - 3*l + 4. Give b(-3).
40
Let o(q) = 12*q - 497. Give o(41).
-5
Let l(o) = 4*o + 22. What is l(-6)?
-2
Let u(p) = p**2 - 10*p + 7. Give u(10).
7
Let f(x) = -x**3 - x**2 + 2*x + 4. What is f(0)?
4
Let x(p) = -8*p - 22. What is x(-5)?
18
Let f(y) = -y**2 + 12*y + 31. Give f(13).
18
Let p(g) = -3*g + 31. Calculate p(2).
25
Let j(g) = 180*g + 366. Calculate j(-2).
6
Let l(r) = -2*r + 2. Calculate l(-4).
10
Let l(b) = 3*b - 8. Calculate l(11).
25
Let f(x) = x**3 + 10*x**2 - 2*x - 15. Give f(-10).
5
Let c(d) = d**3 + 8*d**2 + 8*d + 4. Give c(-7).
-3
Let y(h) = h**3 + 15*h**2 + 16*h - 10. Calculate y(-13).
120
Let q(k) = -53*k**3 + 2*k**2 + 2*k - 3. Determine q(1).
-52
Let c(f) = -23*f + 41. Determine c(3).
-28
Let k(x) = x**3 - 9*x**2 + 3. Give k(9).
3
Let z(m) = 3*m - 3. Give z(-4).
-15
Let s(g) = 2*g**2 - 12*g - 12. What is s(-1)?
2
Let r(n) = -n**2 - 8*n + 12. What is r(-11)?
-21
Let v(s) = -s**3 + 6*s**2 + 11*s + 7. Determine v(8).
-33
Let p(c) = c**2 - 9*c + 13. Calculate p(4).
-7
Let o(t) = 5*t - 110. Determine o(21).
-5
Let p(t) = -6*t - 92. Determine p(-7).
-50
Let j(l) = 3*l**2 + 19*l + 38. Determine j(-4).
10
Let a(x) = -x**3 + 10*x - 3. Give a(0).
-3
Let v(q) = -q**2 - 7*q - 3. Give v(-7).
-3
Let f(t) = -17*t - 1253. Calculate f(-74).
5
Let m(t) = -t**2 - 13*t - 24. Determine m(-11).
-2
Let s(l) = -l**2 + 8*l + 24. What is s(11)?
-9
Let k(g) = g + 9. Give k(0).
9
Let s(p) = 11*p + 81. Give s(-7).
4
Let y(m) = -2*m**2 + 5*m + 1. Give y(4).
-11
Let g(r) = 2*r**3 - 13*r**2 - 5*r - 9. Calculate g(7).
5
Let p(h) = h**3 + 29*h**2 - 129*h + 107. Give p(-33).
8
Let j(f) = -8*f + 33. What is j(4)?
1
Let y(s) = -s**3 + 8*s**2 + 10*s - 22. Calculate y(9).
-13
Let k(f) = f**2 + f - 1. What is k(-2)?
1
Let c(h) = 2*h + 14. Calculate c(-7).
0
Let o(z) = z**3 + 9*z**2 - 11*z - 3. Give o(-10).
7
Let x(v) = -18*v + 61. What is x(3)?
7
Let s(t) = -t**3 - 6*t**2 - 4*t - 3. Determine s(-4).
-19
Let q(b) = -2*b**2 - b. Determine q(-2).
-6
Let x(z) = -z**3 + 3*z**2 + z. Calculate x(3).
3
Let x(b) = b**3 + 34*b**2 + b + 29. Determine x(-34).
-5
Let v(k) = 2*k - 11. Give v(4).
-3
Let a(x) = -67*x + 994. What is a(15)?
-11
Let d(r) = r**3 + 4*r**2 - 3*r + 8. Determine d(-5).
-2
Let p(r) = -r**2 - r - 3. Determine p(4).
-23
Let f(x) = 9*x + 7. Calculate f(-11).
-92
Let w(f) = -f**3 + 2*f**2 - 3*f + 4. Calculate w(2).
-2
Let c(f) = -35*f - 491. Determine c(-14).
-1
Let z(b) = -2*b - 1. Give z(7).
-15
Let l(i) = -9*i + 303. Determine l(32).
15
Let q(a) = a**3 + 8*a**2 + 7*a - 4. Determine q(-7).
-4
Let n(r) = -r - 19. What is n(-11)?
-8
Let z(i) = 2*i**2 - 47*i + 64. What is z(22)?
-2
Let v(d) = -d - 1. Calculate v(3).
-4
Let j(s) = -2*s - 2. Calculate j(-4).
6
Let a(x) = -6*x + 14. Determine a(6).
-22
Let s(x) = 15*x - 6. Calculate s(2).
24
Let z(m) = -m - 10. Calculate z(9).
-19
Let j(z) = z**3 + 6*z**2 - z + 6. Determine j(-7).
-36
Let o(r) = 4*r**2 - 22*r + 8. What is o(5)?
-2
Let v(c) = 2*c - 14. Calculate v(9).
4
Let d(y) = 2*y**2 + 5*y - 6. Calculate d(5).
69
Let q(b) = -9*b**2 + 2*b + 1. Calculate q(1).
-6
Let c(p) = -6*p**3 + 53